se 5*a - 19 = -3*s, p*a = -4*s + 3*a + 16. Let i be w(s). Let l(b) = b + 1. Calculate l(i).
3
Let t(u) = -7*u**3 - 8*u**2 + 8*u + 9. Let a(o) = -20*o**3 - 24*o**2 + 23*o + 27. Let f(q) = 6*a(q) - 17*t(q). What is f(-8)?
-7
Let y(k) = 2*k. Let p(x) = -8*x + 1. Let n(c) = p(c) + 6*y(c). Give n(-2).
-7
Let g(u) = -5*u + 1 + 2*u + 2*u. Let y(c) = -5*c + 5. Let s(m) = 9*g(m) - 2*y(m). Calculate s(4).
3
Let s(i) be the second derivative of -3*i**5/10 + i**4/6 - i**2/2 + 8*i. Determine s(-1).
7
Let v be 34/9 + 6/27. Suppose 6 = -3*g + 3*i, v*g - 2*i + 10 = 5*g. Let o(y) = -1 - 6*y**2 - 4*y + 2*y + 5*y**g. Calculate o(-1).
0
Let x be 3/(1*(-3)/(-4)). Let l(p) = -p**3 - p**2 + p. Let n be l(0). Let z(i) = n*i**2 + 4*i + i**2 - 2*i**2 - 2 + 0*i**2. Determine z(x).
-2
Let a = -36 - -30. Let p(k) = -k**2 - 4*k + 7. Calculate p(a).
-5
Let m(b) be the second derivative of b**4/12 - b**3/3 - b**2 - b. Let z(w) = -5*w. Let p be z(-2). Suppose -3*j - 1 = -p. Give m(j).
1
Let i(u) = -5*u**3 - 3*u**2 - 6*u - 2. Let f(s) = 14*s**3 + 9*s**2 + 17*s + 6. Let n(q) = -4*f(q) - 11*i(q). Suppose -10 = 7*z - 2*z. Calculate n(z).
-2
Suppose 2*v = 5*a + 4, -2*v - 17 = a + 3*v. Let r(c) = c**3 + 3*c**2 + 3*c. Determine r(a).
-2
Let w(j) = 39*j - 85*j + 39*j - j**2 - 1. Give w(-3).
11
Let l(c) be the second derivative of -c**4/6 + 2*c**3/3 + c**2/2 - c. Let j = 3 + 0. Give l(j).
-5
Let p(n) = -n**2 - 3*n - 1. Let m(u) = -2*u**2 - 7*u - 3. Let i(f) = 3*m(f) - 5*p(f). Suppose 2*y = 4*s - 20, -4*s = 3 - 15. Determine i(y).
4
Let c = 3 - 3. Suppose -5*z + 30 = 3*p, -11 = -4*p + 9. Let a = c - z. Let t(k) = 2*k + 1. Give t(a).
-5
Let f(u) = -u**3 + 5*u**2 + 2*u + 26. Let b be f(6). Let t(g) = -6*g**2 - g - 1. Give t(b).
-27
Suppose 0 = 4*p - 2*d + 22, d + 5 = -p + 2*d. Let z(k) = -k**3 - 6*k**2 - 5. Calculate z(p).
-5
Suppose -30 = 5*d - 5*s, -3*s + 8 = -d - 0*s. Suppose 3*h = 4 + 2. Let o(a) = 2 + a**2 - 5*a - 7 - h*a**2 + 11. Give o(d).
6
Suppose 0 = -39*p + 55*p + 80. Let h(a) be the third derivative of -a**5/60 - 5*a**4/24 - a**3/2 + a**2. Give h(p).
-3
Let d(u) = -u - 1. Let o be -2 - (16/4 + 0). Determine d(o).
5
Let o(g) = g - 6. Let c be o(0). Let q(h) = 2*h + 7*h**2 + 5*h**2 + h**3 - 7*h**2 - 4 - 8*h. Give q(c).
-4
Let y = 0 + 4. Let f(p) = 17 - 7 - y*p + 3*p. Determine f(7).
3
Let f(o) be the first derivative of -5*o**2/2 + o + 6. Calculate f(1).
-4
Let r(q) = -2*q. Suppose -5 = 5*v, -32 + 7 = -2*x + 3*v. Let d(l) = 10*l - 1. Let n(k) = x*r(k) + 2*d(k). Determine n(2).
-6
Suppose -3 - 1 = -a - 3*p, 2*a - 3*p - 8 = 0. Suppose -u = u - a. Let q(h) = -2*h - 2*h**2 + u + 2*h**3 - 3*h**3 - 2*h**2. Give q(-3).
-1
Suppose 4*f + 3*l - 15 = 156, -5*l + 165 = 4*f. Suppose -4*q = 87 + f. Let g be 27/q - (-2)/(-11). Let w(z) = -z**3 - 2*z**2 - z. Calculate w(g).
0
Let r be (9/2)/(-3)*-4. Suppose -r = -2*k - k. Let t(c) = -3*c + c + 2*c**3 - 56 - c**2 + 57. Give t(k).
9
Let h(o) = 3*o**2 + 8*o - 4. Let g(v) = -3*v**2 + 2 + 2*v**2 - 2*v - 2*v. Let y(s) = -5*g(s) - 2*h(s). Determine y(4).
-2
Let p(k) = -k**2 - 4*k + 6. Let a be ((-264)/42 + 2/7)/1. Give p(a).
-6
Suppose 2*r + 3*r = 5. Let d(b) = -1. Let j(a) = 8*a - 3. Let m(k) = -3*d(k) + j(k). Give m(r).
8
Let k(p) be the second derivative of p**3/6 + 3*p**2/2 - p. Let i be (-16)/(-72) - (-101)/(-9). Let j be (-3)/6 - i/(-2). Calculate k(j).
-3
Let m(o) = 4*o**2 - 2. Let q(v) = 0 + 18*v**2 - 3 - 15*v**2. Let f(j) = -4*m(j) + 3*q(j). Determine f(-1).
-8
Suppose -6*v + 4 - 16 = 0. Let u(h) = -2*h**3 - 2*h**2 - h. Calculate u(v).
10
Let z = 21 + -32. Let r = 18 + z. Let f = r - 5. Let g(v) = v**2 - 4*v - 1. What is g(f)?
-5
Let w(x) = -x**2 - 4*x + 1. Let s = -14 - -11. What is w(s)?
4
Let i(d) = d - 3. Suppose 0 = 3*p, -3*k - 2*p = -0*p + 18. Let c = -9 - k. Determine i(c).
-6
Let h = 2 + -3. Let q = 1 + h. Let r(o) = 3*o**3 + q + o**2 - 1 + 2*o + 2. Determine r(-1).
-3
Let j(v) = -7*v**3 - 2*v**2 - 4*v + 1. Let a(u) = -u + 1. Let k(m) = -2*a(m) + j(m). Give k(-1).
6
Suppose 7*u + 40 = 2*u. Let y(m) = -m - 8. Give y(u).
0
Let p(j) = -j - 4. Let v(x) = -2*x - 9. Let l(t) = 7*p(t) - 3*v(t). Calculate l(4).
-5
Suppose -9 = 3*x + 3*m + m, 4*x + 3*m = -12. Let l(f) = 2 - 3*f + 1 - 5. Calculate l(x).
7
Let s(o) = -o**3 + o - 2. Suppose 0 = -2*n - 21 + 17. What is s(n)?
4
Let j(p) = 2*p**3 - 4*p**2 + 4*p - 3. Let i(q) = q**2 + 5*q + 1. Let n be i(-4). Let m = n + 5. Calculate j(m).
5
Suppose 1 = -j + 9. Let v = j - 7. Let a(o) = 8*o. What is a(v)?
8
Let t = -49 + 28. Let l = t + 15. Let y(j) = -j**2 - 5*j + 6. Give y(l).
0
Let f(x) be the first derivative of x**5/20 + x**4/4 + x**3/2 - x + 4. Let n(s) be the first derivative of f(s). What is n(-3)?
-9
Let r(f) be the second derivative of 4*f + 1/6*f**3 + 0 + 2*f**2. Determine r(-4).
0
Suppose 4*x + x = -4*k - 26, 2 = -x - 4*k. Let p(o) = o**3 + 8*o**2 + 9*o + 4. Give p(x).
22
Let k = -1 - -1. Let y(a) = 3*a**2 + 4*a - 14. Let w(l) = -2*l**2 - 3*l + 13. Let o(u) = 4*w(u) + 3*y(u). What is o(k)?
10
Let m(l) = l**2 - 2*l - 7. Let g = 16 - 9. Let s = g + -2. Calculate m(s).
8
Let t(w) = 5*w + 4 + 7 - 4 - 2*w**3 - 5*w**2 - 2. Let l = 16 + -10. Let k(q) = 2*q**3 + 4*q**2 - 4*q - 4. Let x(c) = l*k(c) + 5*t(c). Calculate x(-1).
-3
Let n(z) = -4*z**2 + 0*z**2 - 4*z**2. Give n(-1).
-8
Let q(y) = 0*y - 1 + y**2 + 2 + y. Let i be -2 + (12/(-8))/(-3)*8. Give q(i).
7
Let g be 5/((1 - 0) + 0). Let c(n) = g*n**3 - 4*n - 3*n**2 - 3*n**3 + 3 - n**3. Give c(4).
3
Let v(t) = 5 + 3 - 4 - 45*t + t**2 + 40*t. Determine v(4).
0
Let g(a) be the third derivative of -1/24*a**4 + 0*a + 1/6*a**3 + 0 - 1/30*a**5 + 3*a**2. Calculate g(1).
-2
Let l(q) = q**3 - 5*q**2 + 5. Let z = -13 + 13. Suppose z*t - 4 = -t. Calculate l(t).
-11
Suppose -3*w + 85 = 4*t - 4*w, 0 = -t + w + 19. Suppose 2*v - 2*i - t + 6 = 0, -2*v + 12 = -i. Let q(o) = -84*o**2 + 89*o**2 - 3*o - o**3 + 5 - 2*o. Give q(v).
1
Let u be (-35)/15*(1 + 2). Let c(o) = -o - 5. Give c(u).
2
Let h be (2 - 22)/2 + 0. Let s = 4 + h. Let z(f) = -f**2 - 3*f + 8. Give z(s).
-10
Let p(g) = -14*g + 5. Let f(d) = d - 1. Let w(s) = 4*f(s) + p(s). What is w(1)?
-9
Let s(d) = -2*d - 7. Let h be -1 - (-2 + 8 + -2). Determine s(h).
3
Let y(i) = 3*i**2 - 1. Let z = -4 - -6. Let r = -1 + z. What is y(r)?
2
Suppose 0 = -2*j + 8 + 4. Let c(d) = 2*d - 8. Let f(w) = -w + 4. Let q(x) = 4*c(x) + 7*f(x). Give q(j).
2
Let n be 16/4 + 1 + 0. Suppose n*y - 10 = 15. Let h(q) = 4 - 6*q + 0*q**2 + 0*q**2 + q**2. Give h(y).
-1
Let l(n) = n**3 - 5*n**2 - 7*n - 5. Let b(t) = 2*t - 2. Let m(v) = 2*v - 2. Let y(s) = -5*b(s) + 6*m(s). Let w be y(4). Determine l(w).
-11
Let o be 8/(-12)*(-1 - 5). Suppose h - o = 2. Let p(t) = -2*t**3 - t + 2*t**2 + 3*t**2 - t**3 - h*t**2. Give p(-1).
3
Let h be 3 + 0 + (-4 - -4). Let y(v) = -v + 2. Let g(j) = 2*j - 4. Let o(s) = s - 2. Let w(f) = 2*g(f) - 5*o(f). Let q(i) = -5*w(i) + 6*y(i). Give q(h).
-1
Let c(f) be the second derivative of -f**3/6 - 3*f**2 - 4*f. Calculate c(-5).
-1
Let p be 10/24*(4/10 - 0). Let v(m) be the third derivative of -1/60*m**5 - p*m**3 - m**2 + 0 + 1/24*m**4 + 0*m. What is v(0)?
-1
Let h(q) = -q**2 + 4*q - 1. Suppose -3 = -2*k + k. Let l = 1 + k. Let v be h(l). Let a(d) = -d**3 - d**2 - 2*d - 1. Determine a(v).
1
Let g(a) = -a**3 + 5*a**2 + 6*a - 8. Let d(o) = 5*o - 9. Let z be d(3). Calculate g(z).
-8
Let y(g) be the third derivative of g**6/120 - g**5/12 - g**4/6 - g**3 - 14*g**2. Suppose 9*k - 4*k - q - 34 = 0, 5*k - 14 = -4*q. Determine y(k).
6
Let z(r) = r**3 - 8*r**2 - 3*r + 18. Let d be z(8). Let n(o) = -o**3 - 6*o**2 + o + 8. What is n(d)?
2
Let o(x) be the second derivative of -x**4/4 + x**3/6 + x**2 + 11*x. Let l(t) = t**3 - 4*t**2 + 2*t - 6. Let y be l(4). Determine o(y).
-8
Let c be (2/5)/((-2)/10). Suppose 0 = -3*w + 13 - 1. Let u(s) = s - 3*s + 3 + 3*s**2 + w*s. What is u(c)?
11
Suppose -2*r - 8 = -4*r. Let o(i) = 3*i**2 - 29*i - 5. Suppose 0 = 3*g - 4*g - 8. Let q(v) = -v**2 + 10*v + 2. Let s(z) = g*q(z) - 3*o(z). Give s(r).
11
Suppose 7*h + 3 = 17. Let b(a) = -4*a**2 + 3*a - 3. Give b(h).
-13
Let f(j) = 2*j**2 - 6*j + 5. Let o(i) = -i**2 - 7*i - 2. Let p be o(-6). Calculate f(p).
13
Let d(s) = -s**3 - 3*s**2 + s. Suppose 5*j + 20 = 0, 19 + 4 = -a - 5*j. Determine d(a).
-3
Let h(c) be the first derivative of -c**4/4 -